he thousands digit of 1236244?
6
What is the units digit of 366353?
3
What is the hundreds digit of 4758691?
6
What is the hundred thousands digit of 3673104?
6
What is the ten thousands digit of 592636?
9
What is the hundreds digit of 686766?
7
What is the tens digit of 1383198?
9
What is the hundreds digit of 125666?
6
What is the hundred thousands digit of 8422701?
4
What is the thousands digit of 1107871?
7
What is the ten thousands digit of 736989?
3
What is the millions digit of 12011398?
2
What is the hundreds digit of 550139?
1
What is the hundred thousands digit of 9574666?
5
What is the units digit of 54740?
0
What is the units digit of 228726?
6
What is the units digit of 361925?
5
What is the units digit of 789856?
6
What is the thousands digit of 3904274?
4
What is the units digit of 3978015?
5
What is the hundred thousands digit of 234700?
2
What is the hundred thousands digit of 200548?
2
What is the millions digit of 2774513?
2
What is the thousands digit of 241523?
1
What is the hundred thousands digit of 188062?
1
What is the ten millions digit of 20264989?
2
What is the units digit of 2413641?
1
What is the units digit of 36181672?
2
What is the tens digit of 9523?
2
What is the hundreds digit of 1809113?
1
What is the tens digit of 1345305?
0
What is the thousands digit of 460355?
0
What is the thousands digit of 353558?
3
What is the hundred thousands digit of 477853?
4
What is the hundred thousands digit of 7348567?
3
What is the units digit of 141738?
8
What is the thousands digit of 106250?
6
What is the thousands digit of 2833093?
3
What is the units digit of 536778?
8
What is the units digit of 27517?
7
What is the thousands digit of 579749?
9
What is the ten thousands digit of 110008?
1
What is the ten thousands digit of 561449?
6
What is the ten thousands digit of 216414?
1
What is the units digit of 221226?
6
What is the ten thousands digit of 463063?
6
What is the units digit of 53521?
1
What is the hundreds digit of 29491863?
8
What is the thousands digit of 3265110?
5
What is the thousands digit of 4184987?
4
What is the ten thousands digit of 754075?
5
What is the thousands digit of 5860413?
0
What is the tens digit of 13932919?
1
What is the ten thousands digit of 599151?
9
What is the tens digit of 516201?
0
What is the thousands digit of 1611690?
1
What is the millions digit of 3801403?
3
What is the hundred thousands digit of 15618011?
6
What is the hundreds digit of 29485036?
0
What is the hundred thousands digit of 4491697?
4
What is the units digit of 4736151?
1
What is the hundred thousands digit of 7355124?
3
What is the thousands digit of 696906?
6
What is the hundreds digit of 1262730?
7
What is the tens digit of 1428322?
2
What is the hundreds digit of 598828?
8
What is the hundreds digit of 1693465?
4
What is the ten thousands digit of 139481?
3
What is the hundreds digit of 1377415?
4
What is the millions digit of 28904468?
8
What is the units digit of 179255?
5
What is the units digit of 735863?
3
What is the millions digit of 3090396?
3
What is the thousands digit of 3010196?
0
What is the millions digit of 3409164?
3
What is the units digit of 1799930?
0
What is the thousands digit of 1026421?
6
What is the tens digit of 198034?
3
What is the hundreds digit of 2901982?
9
What is the hundred thousands digit of 14470955?
4
What is the units digit of 3926849?
9
What is the ten millions digit of 13115439?
1
What is the thousands digit of 6297778?
7
What is the hundreds digit of 129685?
6
What is the thousands digit of 141530?
1
What is the tens digit of 480857?
5
What is the thousands digit of 216726?
6
What is the hundred thousands digit of 509897?
5
What is the ten thousands digit of 29360865?
6
What is the hundred thousands digit of 138592?
1
What is the thousands digit of 167352?
7
What is the tens digit of 2293787?
8
What is the thousands digit of 1292924?
2
What is the hundreds digit of 1418936?
9
What is the thousands digit of 8011822?
1
What is the ten thousands digit of 725294?
2
What is the units digit of 2119507?
7
What is the units digit of 151265?
5
What is the ten thousands digit of 3358259?
5
What is the units digit of 4409220?
0
What is the tens digit of 684417?
1
What is the hundreds digit of 3092846?
8
What is the hundreds digit of 5906021?
0
What is the thousands digit of 88671?
8
What is the units digit of 340111?
1
What is the ten thousands digit of 104395?
0
What is the ten thousands digit of 114936?
1
What is the ten thousands digit of 996072?
9
What is the tens digit of 1302998?
9
What is the hundreds digit of 86416?
4
What is the units digit of 205436?
6
What is the units digit of 1475002?
2
What is the tens digit of 36501?
0
What is the units digit of 2538767?
7
What is the tens digit of 212413?
1
What is the thousands digit of 164322?
4
What is the hundred thousands digit of 260712?
2
What is the ten thousands digit of 22529?
2
What is the hundreds digit of 1302191?
1
What is the hundred thousands digit of 3703342?
7
What is the ten thousands digit of 1575972?
7
What is the hundreds digit of 279880?
8
What is the units digit of 1787765?
5
What is the hundred thousands digit of 3319882?
3
What is the hundred thousands digit of 3556298?
5
What is the thousands digit of 1881497?
1
What is the tens digit of 83746?
4
What is the units digit of 14859?
9
What is the hundred thousands digit of 407300?
4
What is the units digit of 10638?
8
What is the units digit of 278950?
0
What is the ten thousands digit of 7103085?
0
What is the units digit of 64031?
1
What is the units digit of 353245?
5
What is the hundreds digit of 61136?
1
What is the ten thousands digit of 267276?
6
What is the tens digit of 183524?
2
What is the tens digit of 411715?
1
What is the hundred thousands digit of 21019615?
0
What is the thousands digit of 2568631?
8
What is the tens digit of 106883?
8
What is the thousands digit of 5818611?
8
What is the millions digit of 8677849?
8
What is the ten millions digit of 41256379?
4
What is the hundred thousands digit of 553948?
5
What is the millions digit of 3694965?
3
What is the hundreds digit of 2399308?
3
What is the units digit of 245484?
4
What is the units digit of 110586?
6
What is the hundreds digit of 4240910?
9
What is the units digit of 158828?
8
What is the hundreds digit of 489360?
3
What is the hundred thousands digit of 110951?
1
What is the hundred thousands digit of 15820935?
8
What is the millions digit of 4377470?
4
What is the millions digit of 3994620?
3
What is the tens digit of 77563?
6
What is the units digit of 11572147?
7
What is the millions digit of 2476467?
2
What is the tens digit of 7018597?
9
What is the millions digit of 8427729?
8
What is the tens digit of 2568157?
5
What is the tens digit of 3152107?
0
What is the hundreds digit of 3683132?
1
What is the tens digit of 664372?
7
What is the millions digit of 40796018?
0
What is the millions digit of 8754661?
8
What is the ten thousands digit of 66833?
6
What is the ten thousands digit of 397924?
9
What is the units digit of 23535?
5
What is the hundred thousands digit of 12053991?
0
What is the hundred thousands digit of 7284000?
2
What is the tens digit of 773760?
6
What is the hundreds digit of 20793544?
5
What is the thousands digit of 522488?
2
What is the millions digit of 2728417?
2
What is the tens digit of 167210?
1
What is the ten thousands digit of 12347699?
4
What is the tens digit of 273487?
8
What is the millions digit of 42717816?
2
What is the hundred thousands digit of 362034?
3
What is the ten thousands digit of 26537371?
3
What is the hundred thousands digit of 5582849?
5
What is the hundred thousands digit of 31403214?
4
What is the tens digit of 9091587?
8
What is the ten thousands digit of 142499?
4
What is the units digit of 230794?
4
What is the units digit of 1614759?
9
What is the hundreds digit of 6597953?
9
What is the tens digit of 12283872?
7
What is the units digit of 833695?
5
What is the tens digit of 250838?
3
What is the hundred thousands digit of 840947?
8
What is the hundreds digit of 15139472?
4
What is the units digit of 176387?
7
What is the hundreds digit of 109288?
2
What is the units digit of 16638204?
4
What is the units digit of 6